{"id":79,"date":"2014-08-29T11:47:44","date_gmt":"2014-08-29T11:47:44","guid":{"rendered":"http:\/\/abbeville-somme-karting.fr\/?page_id=79"},"modified":"2026-04-01T10:32:52","modified_gmt":"2026-04-01T08:32:52","slug":"index-2","status":"publish","type":"page","link":"https:\/\/abbeville-somme-karting.fr\/","title":{"rendered":"Accueil"},"content":{"rendered":"<style>\n.slideshow { <\/p>\n<p>\tmargin-left:17%;\n\tmargin-right:20px;\n   width: 450px;  \n   height: 320px;  \n   overflow: hidden;  \n   border: 3px solid #F2F2F2; \n   float:left;   \n   margin-bottom: 35px;\n}  \n.slideshow ul {  <\/p>\n<p>   width: 400%;  \n   height: 200px;  \n   padding:0; margin:0;  \n   list-style: none;  \n} <\/p>\n<p>.slideshow li {  \n   float: left;  \n}\nh1#bienvenue{\nmargin-top : -10%;\nmargin-bottom:-1%;\n}<\/p>\n<\/style>\n<p><script type=\"text\/javascript\" src=\"https:\/\/ajax.googleapis.com\/ajax\/libs\/jquery\/1.5.1\/jquery.min.js\"><\/script>  <\/p>\n<p><script type=\"text\/javascript\">  \n   $(function(){  \n      setInterval(function(){  \n         $(\".slideshow ul\").animate({\n\t\t marginLeft:-450\n\t\t },3000,function(){  \n            $(this).css({\n\t\t\tmarginLeft:0\n\t\t\t}).find(\"li:last\").after($(this).find(\"li:first\"));  \n         })  \n      }, 6500);  \n   });   \n<\/script><\/p>\n<h1 id=\"bienvenue\">&nbsp;&nbsp;&nbsp;&nbsp;&nbsp;&nbsp;&nbsp;&nbsp;&nbsp;&nbsp;&nbsp;&nbsp;&nbsp;&nbsp;&nbsp;&nbsp;&nbsp;&nbsp;&nbsp;&nbsp;&nbsp;&nbsp;&nbsp;&nbsp;&nbsp;&nbsp;&nbsp;&nbsp;&nbsp;&nbsp;&nbsp;&nbsp;&nbsp;&nbsp; BIENVENUE SUR LE SITE DE L&rsquo;ASK ABBEVILLE<br \/>\n(seul les licenci\u00e9s FFSA peuvent pratiquer le karting sur cette piste)<\/h1>\n<p><font color=\"#011243\"><\/p>\n<p><strong>Information aux licenci\u00e9s<\/strong><\/p>\n<hr \/>\n<p><a href=\"https:\/\/www.facebook.com\/profile.php?id=61587952403846\" \"_blank\" rel=\"noopener noreferrer\">Suivi nous sur Facebook<\/a><\/li>\n<\/li>\n<p><!--\n\n\n<li><img loading=\"lazy\" decoding=\"async\" src=\"https:\/\/abbeville-somme-karting.fr\/wp-content\/uploads\/2025\/05\/Affiche-ABBEVILLE-29-06-2025-scaled.jpg\" alt=\"\" width=\"300\" height=\"300\" \/><\/li>\n\n\n\n\n<a href=\"https:\/\/abbeville-somme-karting.fr\/wp-content\/uploads\/2025\/05\/Affiche-ABBEVILLE-29-06-2025.pdf\" \"_blank\" rel=\"noopener noreferrer\">Bulletin d'inscription course club du 29 juin <\/a><\/li>\n\n \n<\/li>\n\n\n--><\/p>\n<hr>\n<p><strong>La piste sera ouverte les:<\/strong><br \/>\nSamedi 4 avril<br \/>\nDimanche 5 avril Ouverture r\u00e9serv\u00e9 aux inscrits au championnat de ligue<br \/>\nlundi 6 avril<br \/>\nSamedi 11 avril championnat de ligue<br \/>\nDimanche 12 avril championnat de ligue<br \/>\nSamedi 18 avril<br \/>\nDimanche 19 avril<br \/>\nSamedi 25 avril<br \/>\nDimanche 26 avril<br \/>\nSamedi 2 mai<br \/>\nDimanche 3 mai<\/p>\n<\/ul>\n<p>Pour confirmation, veuillez consulter le r\u00e9pondeur de la piste au 06 32 85 26 11.<br \/>\nHoraire d&rsquo;ouverture: 9h30-12h30 \/ 13h30-18h00<br \/>\nFermeture \u00e0 17h00 du 1 novembre au 15 f\u00e9vrier<\/p>\n<hr \/>\n<p>Vous trouverez ci-joint : <\/p>\n<ul class=\"liste\">\n<li><a href=\"https:\/\/abbeville-somme-karting.fr\/wp-content\/uploads\/2025\/12\/Tarif_licence_2026.pdf\" rel=\"attachment wp-att-526\">Les tarifs de licence 2026 <\/a><\/li>\n<li><a href=\"https:\/\/abbeville-somme-karting.fr\/wp-content\/uploads\/2025\/12\/Certificat-Medical-FFSA-Licences-2026.pdf\" rel=\"attachment wp-att-529\"> Certificat m\u00e9dical pour la demande de licence 2026<\/a><\/li>\n<li><a href=\"https:\/\/abbeville-somme-karting.fr\/wp-content\/uploads\/2025\/12\/reglementation-licences-ffsa2026.pdf\" rel=\"attachment wp-att-529\"> r\u00e9glementation-licences-ffsa2026<br \/>\n<\/a><\/li>\n<li><a href=\"https:\/\/licence.ffsa.org\">Espace licenci\u00e9<\/a> (Pour votre prise de licence annuelle ou \u00e0 la journ\u00e9e) <\/li>\n<\/ul>\n<p>_______________________________________________________________________<\/p>\n<p>L\u2019ASK est heureuse de vous accueillir sur la piste communale de la ville d\u2019Abbeville d&rsquo;une longueur de 1163m pour 8m de large.<br \/>\nL\u2019utilisation de la piste, pendant l\u2019ouverture par l\u2019ASK, est uniquement r\u00e9serv\u00e9e \u00e0<br \/>\n<strong>toute personne licenci\u00e9e FFSA karting.<\/strong> Licence FFSA \u00e0 la journ\u00e9e disponible pour tout propri\u00e9taire de Kart homologu\u00e9.<\/p>\n<p>Le circuit est situ\u00e9 en p\u00e9riph\u00e9rie d\u2019Abbeville, route d\u2019Hesdin, et son acc\u00e8s est ais\u00e9 gr\u00e2ce \u00e0 la proximit\u00e9 de la A16 et de la A29, il est \u00e0 :<br \/>\n40 mn d&rsquo;Amiens, 40mn de Doullens, 1h de Boulogne-sur-mer, 1h05 de Beauvais, 1h10 de Roye, 1h15 de Dieppe, 1h15 de Rouen, 1h20 d&rsquo;Arras, 1h20 de Noyon, 1h45 de Lille.<\/p>\n<div class=\"slideshow\">\n<ul>\n<li><img loading=\"lazy\" decoding=\"async\" src=\"https:\/\/abbeville-somme-karting.fr\/wp-content\/uploads\/2017\/08\/DSC06738.jpg\" alt=\"\" width=\"450\" height=\"300\" \/><\/li>\n<li><img loading=\"lazy\" decoding=\"async\" src=\"https:\/\/abbeville-somme-karting.fr\/wp-content\/uploads\/2014\/08\/image1.jpg\" alt=\"\" width=\"450\" height=\"320\" \/><\/li>\n<li><img loading=\"lazy\" decoding=\"async\" src=\"https:\/\/abbeville-somme-karting.fr\/wp-content\/uploads\/2014\/08\/Image2.jpg\" alt=\"\" width=\"450\" height=\"320\" \/><\/li>\n<li><img loading=\"lazy\" decoding=\"async\" src=\"https:\/\/abbeville-somme-karting.fr\/wp-content\/uploads\/2014\/08\/Image3.jpg\" alt=\"\" width=\"450\" height=\"320\" \/><\/li>\n<li><img loading=\"lazy\" decoding=\"async\" src=\"https:\/\/abbeville-somme-karting.fr\/wp-content\/uploads\/2014\/08\/Image4.jpg\" alt=\"\" width=\"450\" height=\"320\" \/><\/li>\n<li><img loading=\"lazy\" decoding=\"async\" src=\"https:\/\/abbeville-somme-karting.fr\/wp-content\/uploads\/2014\/08\/Image5.jpg\" alt=\"\" width=\"450\" height=\"320\" \/><\/li>\n<li><img loading=\"lazy\" decoding=\"async\" src=\"https:\/\/abbeville-somme-karting.fr\/wp-content\/uploads\/2014\/08\/image6.jpg\" alt=\"\" width=\"450\" height=\"320\" \/><\/li>\n<li><img loading=\"lazy\" decoding=\"async\" src=\"https:\/\/abbeville-somme-karting.fr\/wp-content\/uploads\/2014\/08\/image7.jpg\" alt=\"\" width=\"450\" height=\"320\" \/><\/li>\n<li><img loading=\"lazy\" decoding=\"async\" src=\"https:\/\/abbeville-somme-karting.fr\/wp-content\/uploads\/2014\/08\/image8.jpg\" alt=\"\" width=\"450\" height=\"320\" \/><\/li>\n<li><img loading=\"lazy\" decoding=\"async\" src=\"https:\/\/abbeville-somme-karting.fr\/wp-content\/uploads\/2014\/08\/image9.jpg\" alt=\"\" width=\"450\" height=\"320\" \/><\/li>\n<\/ul>\n<\/div>\n<div style=\"clear: both;\"><\/div>\n<p><strong><\/p>\n<h2>Courses \u00e0 Abbeville pour 2025:<\/h2>\n<p><\/strong> <\/a> <\/li>\n<\/ul>\n<li>07 &#038; 08 &#038; 13 avril 2025 : Championnat Hauts-de-France (Manche n\u00b02)<\/li>\n<li>07 &#038; 08 juin 2025 : Championnat R\u00e9tro Kart<\/li>\n<li>28 &#038; 29 juin 2025 : Course Club Abbeville<\/li>\n<ul>\n<!--\n\n\n<li> Bulletin d'inscription (A venir) <a href=\"https:\/\/abbeville-somme-karting.fr\/wp-content\/uploads\/2020\/03\/Bulletin-dinscription-C-C-H-26-07-2020.pdf\" >  <\/a> <\/li>\n\n <\/ul>\n\n <\/ul>\n\n \n--><br \/>\n<!--\n\n\n<li>15 & 16 & 17 mai 2020 : Championnat Hauts-de-France (Manche n\u00b03)<\/li>\n\n\n\n\n<ul>\n\n\n<li> <a href=\"https:\/\/abbeville-somme-karting.fr\/wp-content\/uploads\/2020\/03\/Bulletin-dinscription-course-par-course.pdf\" > (Bulletin d'inscription) <\/a>,\nR\u00e9sultats des Finales <a href=\"https:\/\/abbeville-somme-karting.fr\/wp-content\/uploads\/2019\/07\/FINALE-KZ-2-MASTER-ET-GENTLEMAN-PAR-CATEGORIE.pdf\" > <\/a> <\/li>\n\n <\/ul>\n\n\n\n\n<li>19 & 20 & 21 juin 2020 : Championnat Hauts-de-France (Manche n\u00b04)<\/li>\n\n\n\n\n<ul>\n\n\n<li> <a href=\"https:\/\/abbeville-somme-karting.fr\/wp-content\/uploads\/2020\/03\/Bulletin-dinscription-course-par-course.pdf\" > (Bulletin d'inscription) <\/a> <\/li>\n\n <\/ul>\n\n\n\n\n<li>25 & 26 juillet 2020 : Troph\u00e9e Club Abbeville<\/li>\n\n \n\n\n<ul>\n\n\n<li> <a href=\"https:\/\/abbeville-somme-karting.fr\/wp-content\/uploads\/2020\/03\/Bulletin-dinscription-C-C-H-26-07-2020.pdf\" > (Bulletin d'inscription) <\/a> <\/li>\n\n <\/ul>\n\n\n--><\/p>\n<h1>L\u2019ASK ABBEVILLE SOMME KARTING VOUS REMERCIE DE VOTRE VISITE<\/h1>\n<p>Compteur de visite : <a href=\"http:\/\/www.compteurdevisite.com\/geozoom.php?c=a2c68c954846741ccc883ebae6dad2d5&#038;base=counter3\" title=\"nombre de visite\"><img decoding=\"async\" src=\"http:\/\/counter3.statcounterfree.com\/private\/compteurdevisite.php?c=a2c68c954846741ccc883ebae6dad2d5\" border=\"0\" title=\"Nombre de visite\" alt=\"Nombre de visite\"><\/a><\/p>\n<p><!-- widget meteo \n\n\n<div id=\"widget_8139d21ba3e41337f05e11a9ca4827b5\">\n<span id=\"t_8139d21ba3e41337f05e11a9ca4827b5\">M\u00e9t\u00e9o Abbeville<\/span>\n<span id=\"l_8139d21ba3e41337f05e11a9ca4827b5\"><a href=\"http:\/\/www.mymeteo.info\/r\/accueil_It\">https:\/\/www.my-meteo.com<\/a><\/span>\n<script type=\"text\/javascript\">\n(function() {\n\tvar my = document.createElement(\"script\"); my.type = \"text\/javascript\"; my.async = true;\n   \tmy.src = \"https:\/\/services.my-meteo.com\/widget\/js?ville=30328&format=horizontal&nb_jours=5&temps&icones&vent&precip&c1=393939&c2=a9a9a9&c3=e6e6e6&c4=ffffff&c5=00d2ff&c6=d21515&police=0&t_icones=2&x=792&y=144.1999969482422&d=0&id=8139d21ba3e41337f05e11a9ca4827b5\";\n   \tvar z = document.getElementsByTagName(\"script\")[0]; z.parentNode.insertBefore(my, z);\n})();\n<\/script>\n<\/div>\n\n\nwidget meteo --><\/p>\n<p><iframe id=\"widget_autocomplete_preview\"  frameborder=\"0\" src=\"https:\/\/meteofrance.com\/widget\/prevision\/800010\"> <\/iframe><\/p>\n<p><iframe src=\"https:\/\/www.google.com\/maps\/embed?pb=!1m14!1m8!1m3!1d20460.618379579926!2d1.8354346!3d50.1316313!3m2!1i1024!2i768!4f13.1!3m3!1m2!1s0x47dd8ddacc53855b%3A0x778e67cf4da79adb!2sAbbeville%20somme%20karting!5e0!3m2!1sfr!2sfr!4v1618299672012!5m2!1sfr!2sfr\" width=\"600\" height=\"450\" style=\"border:0;\" allowfullscreen=\"0\" loading=\"lazy\"><\/iframe><\/p>\n","protected":false},"excerpt":{"rendered":"<p>&nbsp;&nbsp;&nbsp;&nbsp;&nbsp;&nbsp;&nbsp;&nbsp;&nbsp;&nbsp;&nbsp;&nbsp;&nbsp;&nbsp;&nbsp;&nbsp;&nbsp;&nbsp;&nbsp;&nbsp;&nbsp;&nbsp;&nbsp;&nbsp;&nbsp;&nbsp;&nbsp;&nbsp;&nbsp;&nbsp;&nbsp;&nbsp;&nbsp;&nbsp; BIENVENUE SUR LE SITE DE L&rsquo;ASK ABBEVILLE (seul les licenci\u00e9s FFSA peuvent pratiquer le karting sur cette piste) Information aux licenci\u00e9s Suivi nous sur Facebook La piste sera ouverte les: Samedi 4 avril Dimanche 5 avril Ouverture r\u00e9serv\u00e9 aux &hellip; <a href=\"https:\/\/abbeville-somme-karting.fr\/\">Continuer la lecture <span class=\"meta-nav\">&rarr;<\/span><\/a><\/p>\n","protected":false},"author":1,"featured_media":0,"parent":0,"menu_order":0,"comment_status":"open","ping_status":"open","template":"","meta":{"footnotes":""},"class_list":["post-79","page","type-page","status-publish","hentry"],"_links":{"self":[{"href":"https:\/\/abbeville-somme-karting.fr\/index.php?rest_route=\/wp\/v2\/pages\/79","targetHints":{"allow":["GET"]}}],"collection":[{"href":"https:\/\/abbeville-somme-karting.fr\/index.php?rest_route=\/wp\/v2\/pages"}],"about":[{"href":"https:\/\/abbeville-somme-karting.fr\/index.php?rest_route=\/wp\/v2\/types\/page"}],"author":[{"embeddable":true,"href":"https:\/\/abbeville-somme-karting.fr\/index.php?rest_route=\/wp\/v2\/users\/1"}],"replies":[{"embeddable":true,"href":"https:\/\/abbeville-somme-karting.fr\/index.php?rest_route=%2Fwp%2Fv2%2Fcomments&post=79"}],"version-history":[{"count":1047,"href":"https:\/\/abbeville-somme-karting.fr\/index.php?rest_route=\/wp\/v2\/pages\/79\/revisions"}],"predecessor-version":[{"id":1728,"href":"https:\/\/abbeville-somme-karting.fr\/index.php?rest_route=\/wp\/v2\/pages\/79\/revisions\/1728"}],"wp:attachment":[{"href":"https:\/\/abbeville-somme-karting.fr\/index.php?rest_route=%2Fwp%2Fv2%2Fmedia&parent=79"}],"curies":[{"name":"wp","href":"https:\/\/api.w.org\/{rel}","templated":true}]}}